{"id":29985,"date":"2024-02-29T11:30:23","date_gmt":"2024-02-29T11:30:23","guid":{"rendered":"https:\/\/theme-dev.cmsmasters.net\/dental-clone\/?page_id=29985"},"modified":"2026-02-04T17:00:38","modified_gmt":"2026-02-04T17:00:38","slug":"citas-online","status":"publish","type":"page","link":"https:\/\/clinicaluxecare.com\/index.php\/citas-online\/","title":{"rendered":"Citas online"},"content":{"rendered":"\t\t<div data-elementor-type=\"wp-page\" data-elementor-id=\"29985\" class=\"elementor elementor-29985\" data-elementor-post-type=\"page\">\n\t\t\t\t<div class=\"elementor-element elementor-element-cdfa689 e-flex e-con-boxed cmsmasters-block-default e-con e-parent\" data-id=\"cdfa689\" data-element_type=\"container\">\n\t\t\t\t\t<div class=\"e-con-inner\">\n\t\t<div class=\"elementor-element elementor-element-6e9c6fc e-con-full e-flex cmsmasters-block-default e-con e-child\" data-id=\"6e9c6fc\" data-element_type=\"container\" data-settings=\"{&quot;background_background&quot;:&quot;classic&quot;}\">\n\t\t\t\t<div class=\"elementor-element elementor-element-8dd96c5 cmsmasters-block-default cmsmasters-sticky-default elementor-widget elementor-widget-heading\" data-id=\"8dd96c5\" data-element_type=\"widget\" data-widget_type=\"heading.default\">\n\t\t\t\t\t<h3 class=\"elementor-heading-title elementor-size-default\">AGENDAR CITA<\/h3>\t\t\t\t<\/div>\n\t\t\t\t<div class=\"elementor-element elementor-element-4aaff75 cmsmasters-block-default cmsmasters-sticky-default elementor-widget elementor-widget-text-editor\" data-id=\"4aaff75\" data-element_type=\"widget\" data-widget_type=\"text-editor.default\">\n\t\t\t\t\t\t\t\t\t<p><span style=\"font-weight: 400;\">Reserva tu valoraci\u00f3n personalizada<\/span><\/p>\t\t\t\t\t\t\t\t<\/div>\n\t\t\t\t<div class=\"elementor-element elementor-element-fa4e507 cmsmasters-block-default cmsmasters-sticky-default elementor-widget elementor-widget-cmsmasters-forminator\" data-id=\"fa4e507\" data-element_type=\"widget\" data-settings=\"{&quot;form_list&quot;:&quot;83&quot;}\" data-widget_type=\"cmsmasters-forminator.default\">\n\t\t\t\t\t<div class=\"elementor-widget-cmsmasters-contact-form__wrapper elementor-widget-cmsmasters-contact-form cmsmasters-default-color cmsmasters-default-font\" id=\"cmsmasters-widget-form-fa4e507\">\r\n\t\t\t<div class=\"elementor-widget-cmsmasters-contact-form__inner\"><div class=\"forminator-ui forminator-custom-form forminator-custom-form-83 forminator-design--default forminator-custom forminator_ajax\" data-forminator-render=\"0\" data-form=\"forminator-module-83\" data-uid=\"69e1389137cf5\"><br\/><\/div><form\n\t\t\t\tid=\"forminator-module-83\"\n\t\t\t\tclass=\"forminator-ui forminator-custom-form forminator-custom-form-83 forminator-design--default forminator-custom forminator_ajax\"\n\t\t\t\tmethod=\"post\"\n\t\t\t\tdata-forminator-render=\"0\"\n\t\t\t\tdata-form-id=\"83\"\n\t\t\t\t data-color-option=\"default\" data-design=\"default\" data-grid=\"custom\" style=\"display: none;\"\n\t\t\t\tdata-uid=\"69e1389137cf5\"\n\t\t\t><div role=\"alert\" aria-live=\"polite\" class=\"forminator-response-message forminator-error\" aria-hidden=\"true\"><\/div><div class=\"forminator-row\"><div id=\"select-1\" class=\"forminator-field-select forminator-col forminator-col-12 \"><div class=\"forminator-field\"><label for=\"forminator-form-83__field--select-1_69e1389137cf5\" id=\"forminator-form-83__field--select-1_69e1389137cf5-label\" class=\"forminator-label\">Tratamiento<\/label><select  id=\"forminator-form-83__field--select-1_69e1389137cf5\" class=\"forminator-select--field forminator-select2 forminator-select2-multiple\" data-required=\"\" name=\"select-1\" data-default-value=\"\" data-placeholder=\"Seleccione tratamiento\" data-search=\"false\" data-search-placeholder=\"Seleccione tratamiento\" data-checkbox=\"false\" data-allow-clear=\"false\" aria-labelledby=\"forminator-form-83__field--select-1_69e1389137cf5-label\"><option value=\"\"  >Seleccione tratamiento<\/option><option value=\"crowns-and-bridges\"  data-calculation=\"0\">Armonizaci\u00f3n Facial<\/option><option value=\"dental-implants\"  data-calculation=\"0\">Tratamiento corporal<\/option><option value=\"gum-disease-treatment\"  data-calculation=\"0\">Tratamiento Facial<\/option><option value=\"hygiene-treatments\"  data-calculation=\"0\">Neuromoduladores<\/option><option value=\"invisalign\"  data-calculation=\"0\">Tratamiento Capilar<\/option><option value=\"porcelain-veneers\"  data-calculation=\"0\">Microneedling<\/option><\/select><\/div><\/div><\/div><div class=\"forminator-row\"><div id=\"name-1\" class=\"forminator-field-name forminator-col forminator-col-6 \"><div class=\"forminator-field\"><label for=\"forminator-field-name-1_69e1389137cf5\" id=\"forminator-field-name-1_69e1389137cf5-label\" class=\"forminator-label\">Tu nombre <span class=\"forminator-required\">*<\/span><\/label><input type=\"text\" name=\"name-1\" value=\"\" placeholder=\"Tu nombre\" id=\"forminator-field-name-1_69e1389137cf5\" class=\"forminator-input forminator-name--field\" aria-required=\"true\" autocomplete=\"name\" \/><\/div><\/div><div id=\"phone-1\" class=\"forminator-field-phone forminator-col forminator-col-6 \"><div class=\"forminator-field\"><label for=\"forminator-field-phone-1_69e1389137cf5\" id=\"forminator-field-phone-1_69e1389137cf5-label\" class=\"forminator-label\">Tel\u00e9fono de contacto<\/label><input type=\"text\" name=\"phone-1\" value=\"\" placeholder=\"Tel\u00e9fono de contacto\" id=\"forminator-field-phone-1_69e1389137cf5\" class=\"forminator-input forminator-field--phone\" data-required=\"\" aria-required=\"false\" autocomplete=\"off\" \/><\/div><\/div><\/div><div class=\"forminator-row\"><div id=\"date-1\" class=\"forminator-field-date forminator-col forminator-col-6 \"><div class=\"forminator-field\"><label for=\"forminator-field-date-1-picker_69e1389137cf5\" id=\"forminator-field-date-1-picker_69e1389137cf5-label\" class=\"forminator-label\">Fecha<\/label><div class=\"forminator-input-with-icon\"><span class=\"forminator-icon-calendar\" aria-hidden=\"true\"><\/span><input autocomplete=\"off\" type=\"text\" size=\"1\" name=\"date-1\" value=\"\" placeholder=\"Seleccione fecha\" id=\"forminator-field-date-1-picker_69e1389137cf5\" class=\"forminator-input forminator-datepicker\" data-required=\"\" data-format=\"dd\/mm\/yy\" data-restrict-type=\"week\" data-restrict=\"0\" data-start-year=\"2026\" data-end-year=\"2126\" data-past-dates=\"enable\" data-start-of-week=\"1\" data-start-date=\"2026-04-16\" data-end-date=\"\" data-start-field=\"\" data-end-field=\"\" data-start-offset=\"\" data-end-offset=\"\" data-disable-date=\"\" data-disable-range=\"\" \/><\/div><\/div><\/div><div id=\"time-1\" class=\"forminator-field-time forminator-col forminator-col-6 \"><label for=\"forminator-field-time-1\" id=\"forminator-field-time-1-label\" class=\"forminator-label\">Hora<\/label><div class=\"forminator-timepicker\" ><div class=\"forminator-row\" data-multiple=\"true\"><div id=\"time-1-hours\" class=\"forminator-col forminator-col-6\"><div class=\"forminator-field\"><select name=\"time-1-hours\" id=\"forminator-field-83__field--time-1-hours_69e1389137cf5\" class=\"forminator-select2 time-hours has-time-limiter\" data-field=\"hours\" data-placeholder=\"Seleccionar\" data-default-value=\"\"><option value=\"\" selected=\"selected\">-<\/option><option value=\"9\" >09<\/option><option value=\"10\" >10<\/option><option value=\"11\" >11<\/option><option value=\"12\" >12<\/option><option value=\"13\" >13<\/option><option value=\"14\" >14<\/option><option value=\"15\" >15<\/option><option value=\"16\" >16<\/option><option value=\"17\" >17<\/option><option value=\"18\" >18<\/option><option value=\"19\" >19<\/option><option value=\"20\" >20<\/option><\/select><\/div><\/div><div id=\"time-1-minutes\" class=\"forminator-col forminator-col-6\"><div class=\"forminator-field\"><select name=\"time-1-minutes\" id=\"forminator-field-83__field--time-1-minutes_69e1389137cf5\" class=\"forminator-select2 time-minutes has-time-limiter\" data-field=\"minutes\" data-placeholder=\"Seleccionar\" data-default-value=\"\"><option value=\"\" selected=\"selected\">-<\/option><option value=\"0\" >00<\/option><option value=\"1\" >01<\/option><option value=\"2\" >02<\/option><option value=\"3\" >03<\/option><option value=\"4\" >04<\/option><option value=\"5\" >05<\/option><option value=\"6\" >06<\/option><option value=\"7\" >07<\/option><option value=\"8\" >08<\/option><option value=\"9\" >09<\/option><option value=\"10\" >10<\/option><option value=\"11\" >11<\/option><option value=\"12\" >12<\/option><option value=\"13\" >13<\/option><option value=\"14\" >14<\/option><option value=\"15\" >15<\/option><option value=\"16\" >16<\/option><option value=\"17\" >17<\/option><option value=\"18\" >18<\/option><option value=\"19\" >19<\/option><option value=\"20\" >20<\/option><option value=\"21\" >21<\/option><option value=\"22\" >22<\/option><option value=\"23\" >23<\/option><option value=\"24\" >24<\/option><option value=\"25\" >25<\/option><option value=\"26\" >26<\/option><option value=\"27\" >27<\/option><option value=\"28\" >28<\/option><option value=\"29\" >29<\/option><option value=\"30\" >30<\/option><option value=\"31\" >31<\/option><option value=\"32\" >32<\/option><option value=\"33\" >33<\/option><option value=\"34\" >34<\/option><option value=\"35\" >35<\/option><option value=\"36\" >36<\/option><option value=\"37\" >37<\/option><option value=\"38\" >38<\/option><option value=\"39\" >39<\/option><option value=\"40\" >40<\/option><option value=\"41\" >41<\/option><option value=\"42\" >42<\/option><option value=\"43\" >43<\/option><option value=\"44\" >44<\/option><option value=\"45\" >45<\/option><option value=\"46\" >46<\/option><option value=\"47\" >47<\/option><option value=\"48\" >48<\/option><option value=\"49\" >49<\/option><option value=\"50\" >50<\/option><option value=\"51\" >51<\/option><option value=\"52\" >52<\/option><option value=\"53\" >53<\/option><option value=\"54\" >54<\/option><option value=\"55\" >55<\/option><option value=\"56\" >56<\/option><option value=\"57\" >57<\/option><option value=\"58\" >58<\/option><option value=\"59\" >59<\/option><\/select><\/div><\/div><\/div><\/div><\/div><\/div><input type=\"hidden\" name=\"referer_url\" value=\"\" \/><div class=\"forminator-row forminator-row-last\"><div class=\"forminator-col\"><div class=\"forminator-field\"><button class=\"forminator-button forminator-button-submit\">Agendar cita<\/button><\/div><\/div><\/div><input type=\"hidden\" id=\"forminator_nonce\" name=\"forminator_nonce\" value=\"a6e59ca9a4\" \/><input type=\"hidden\" name=\"_wp_http_referer\" value=\"\/index.php\/wp-json\/wp\/v2\/pages\/29985\" \/><input type=\"hidden\" name=\"form_id\" value=\"83\"><input type=\"hidden\" name=\"page_id\" value=\"29985\"><input type=\"hidden\" name=\"form_type\" value=\"default\"><input type=\"hidden\" name=\"current_url\" value=\"https:\/\/clinicaluxecare.com\/index.php\/citas-online\/\"><input type=\"hidden\" name=\"render_id\" value=\"0\"><input type=\"hidden\" name=\"action\" value=\"forminator_submit_form_custom-forms\"><\/form><\/div>\r\n\t\t<\/div>\t\t\t\t<\/div>\n\t\t\t\t<\/div>\n\t\t<div class=\"elementor-element elementor-element-3057c10 elementor-hidden-tablet elementor-hidden-phone e-con-full e-flex cmsmasters-bg-hide-none cmsmasters-bg-hide-none cmsmasters-block-default e-con e-child\" data-id=\"3057c10\" data-element_type=\"container\" data-settings=\"{&quot;background_background&quot;:&quot;classic&quot;}\">\n\t\t\t\t<div class=\"elementor-element elementor-element-c47e841 cmsmasters-block-default cmsmasters-sticky-default elementor-widget elementor-widget-spacer\" data-id=\"c47e841\" data-element_type=\"widget\" data-widget_type=\"spacer.default\">\n\t\t\t\t\t\t\t<div class=\"elementor-spacer\">\n\t\t\t<div class=\"elementor-spacer-inner\"><\/div>\n\t\t<\/div>\n\t\t\t\t\t\t<\/div>\n\t\t\t\t<\/div>\n\t\t\t\t\t<\/div>\n\t\t\t\t<\/div>\n\t\t\t\t<\/div>\n\t\t","protected":false},"excerpt":{"rendered":"<p>AGENDAR CITA Reserva tu valoraci\u00f3n personalizada<\/p>\n","protected":false},"author":1,"featured_media":0,"parent":0,"menu_order":0,"comment_status":"closed","ping_status":"closed","template":"","meta":{"_acf_changed":false,"footnotes":""},"class_list":["post-29985","page","type-page","status-publish","hentry"],"acf":[],"yoast_head":"<!-- This site is optimized with the Yoast SEO plugin v26.9 - https:\/\/yoast.com\/product\/yoast-seo-wordpress\/ -->\n<title>Citas online - Cl\u00ednica Est\u00e9tica Luxe Care<\/title>\n<meta name=\"robots\" content=\"index, follow, max-snippet:-1, max-image-preview:large, max-video-preview:-1\" \/>\n<link rel=\"canonical\" href=\"https:\/\/clinicaluxecare.com\/index.php\/citas-online\/\" \/>\n<meta property=\"og:locale\" content=\"es_ES\" \/>\n<meta property=\"og:type\" content=\"article\" \/>\n<meta property=\"og:title\" content=\"Citas online - Cl\u00ednica Est\u00e9tica Luxe Care\" \/>\n<meta property=\"og:description\" content=\"AGENDAR CITA Reserva tu valoraci\u00f3n personalizada\" \/>\n<meta property=\"og:url\" content=\"https:\/\/clinicaluxecare.com\/index.php\/citas-online\/\" \/>\n<meta property=\"og:site_name\" content=\"Cl\u00ednica Est\u00e9tica Luxe Care\" \/>\n<meta property=\"article:publisher\" content=\"https:\/\/www.facebook.com\/profile.php?id=61576686275781#\" \/>\n<meta property=\"article:modified_time\" content=\"2026-02-04T17:00:38+00:00\" \/>\n<meta name=\"twitter:card\" content=\"summary_large_image\" \/>\n<script type=\"application\/ld+json\" class=\"yoast-schema-graph\">{\"@context\":\"https:\/\/schema.org\",\"@graph\":[{\"@type\":\"WebPage\",\"@id\":\"https:\/\/clinicaluxecare.com\/index.php\/citas-online\/\",\"url\":\"https:\/\/clinicaluxecare.com\/index.php\/citas-online\/\",\"name\":\"Citas online - Cl\u00ednica Est\u00e9tica Luxe Care\",\"isPartOf\":{\"@id\":\"https:\/\/clinicaluxecare.com\/#website\"},\"datePublished\":\"2024-02-29T11:30:23+00:00\",\"dateModified\":\"2026-02-04T17:00:38+00:00\",\"breadcrumb\":{\"@id\":\"https:\/\/clinicaluxecare.com\/index.php\/citas-online\/#breadcrumb\"},\"inLanguage\":\"es\",\"potentialAction\":[{\"@type\":\"ReadAction\",\"target\":[\"https:\/\/clinicaluxecare.com\/index.php\/citas-online\/\"]}]},{\"@type\":\"BreadcrumbList\",\"@id\":\"https:\/\/clinicaluxecare.com\/index.php\/citas-online\/#breadcrumb\",\"itemListElement\":[{\"@type\":\"ListItem\",\"position\":1,\"name\":\"Portada\",\"item\":\"https:\/\/clinicaluxecare.com\/\"},{\"@type\":\"ListItem\",\"position\":2,\"name\":\"Citas online\"}]},{\"@type\":\"WebSite\",\"@id\":\"https:\/\/clinicaluxecare.com\/#website\",\"url\":\"https:\/\/clinicaluxecare.com\/\",\"name\":\"Clinica Est\u00e9tica Luxe Care\",\"description\":\"Cl\u00ednica dermoest\u00e9tica avanzada en Granada\",\"publisher\":{\"@id\":\"https:\/\/clinicaluxecare.com\/#organization\"},\"potentialAction\":[{\"@type\":\"SearchAction\",\"target\":{\"@type\":\"EntryPoint\",\"urlTemplate\":\"https:\/\/clinicaluxecare.com\/?s={search_term_string}\"},\"query-input\":{\"@type\":\"PropertyValueSpecification\",\"valueRequired\":true,\"valueName\":\"search_term_string\"}}],\"inLanguage\":\"es\"},{\"@type\":\"Organization\",\"@id\":\"https:\/\/clinicaluxecare.com\/#organization\",\"name\":\"Clinica Est\u00e9tica Luxe Care\",\"url\":\"https:\/\/clinicaluxecare.com\/\",\"logo\":{\"@type\":\"ImageObject\",\"inLanguage\":\"es\",\"@id\":\"https:\/\/clinicaluxecare.com\/#\/schema\/logo\/image\/\",\"url\":\"https:\/\/clinicaluxecare.com\/wp-content\/uploads\/2026\/02\/logo-luxecare.png\",\"contentUrl\":\"https:\/\/clinicaluxecare.com\/wp-content\/uploads\/2026\/02\/logo-luxecare.png\",\"width\":860,\"height\":722,\"caption\":\"Clinica Est\u00e9tica Luxe Care\"},\"image\":{\"@id\":\"https:\/\/clinicaluxecare.com\/#\/schema\/logo\/image\/\"},\"sameAs\":[\"https:\/\/www.facebook.com\/profile.php?id=61576686275781#\"]}]}<\/script>\n<!-- \/ Yoast SEO plugin. -->","yoast_head_json":{"title":"Citas online - Cl\u00ednica Est\u00e9tica Luxe Care","robots":{"index":"index","follow":"follow","max-snippet":"max-snippet:-1","max-image-preview":"max-image-preview:large","max-video-preview":"max-video-preview:-1"},"canonical":"https:\/\/clinicaluxecare.com\/index.php\/citas-online\/","og_locale":"es_ES","og_type":"article","og_title":"Citas online - Cl\u00ednica Est\u00e9tica Luxe Care","og_description":"AGENDAR CITA Reserva tu valoraci\u00f3n personalizada","og_url":"https:\/\/clinicaluxecare.com\/index.php\/citas-online\/","og_site_name":"Cl\u00ednica Est\u00e9tica Luxe Care","article_publisher":"https:\/\/www.facebook.com\/profile.php?id=61576686275781#","article_modified_time":"2026-02-04T17:00:38+00:00","twitter_card":"summary_large_image","schema":{"@context":"https:\/\/schema.org","@graph":[{"@type":"WebPage","@id":"https:\/\/clinicaluxecare.com\/index.php\/citas-online\/","url":"https:\/\/clinicaluxecare.com\/index.php\/citas-online\/","name":"Citas online - Cl\u00ednica Est\u00e9tica Luxe Care","isPartOf":{"@id":"https:\/\/clinicaluxecare.com\/#website"},"datePublished":"2024-02-29T11:30:23+00:00","dateModified":"2026-02-04T17:00:38+00:00","breadcrumb":{"@id":"https:\/\/clinicaluxecare.com\/index.php\/citas-online\/#breadcrumb"},"inLanguage":"es","potentialAction":[{"@type":"ReadAction","target":["https:\/\/clinicaluxecare.com\/index.php\/citas-online\/"]}]},{"@type":"BreadcrumbList","@id":"https:\/\/clinicaluxecare.com\/index.php\/citas-online\/#breadcrumb","itemListElement":[{"@type":"ListItem","position":1,"name":"Portada","item":"https:\/\/clinicaluxecare.com\/"},{"@type":"ListItem","position":2,"name":"Citas online"}]},{"@type":"WebSite","@id":"https:\/\/clinicaluxecare.com\/#website","url":"https:\/\/clinicaluxecare.com\/","name":"Clinica Est\u00e9tica Luxe Care","description":"Cl\u00ednica dermoest\u00e9tica avanzada en Granada","publisher":{"@id":"https:\/\/clinicaluxecare.com\/#organization"},"potentialAction":[{"@type":"SearchAction","target":{"@type":"EntryPoint","urlTemplate":"https:\/\/clinicaluxecare.com\/?s={search_term_string}"},"query-input":{"@type":"PropertyValueSpecification","valueRequired":true,"valueName":"search_term_string"}}],"inLanguage":"es"},{"@type":"Organization","@id":"https:\/\/clinicaluxecare.com\/#organization","name":"Clinica Est\u00e9tica Luxe Care","url":"https:\/\/clinicaluxecare.com\/","logo":{"@type":"ImageObject","inLanguage":"es","@id":"https:\/\/clinicaluxecare.com\/#\/schema\/logo\/image\/","url":"https:\/\/clinicaluxecare.com\/wp-content\/uploads\/2026\/02\/logo-luxecare.png","contentUrl":"https:\/\/clinicaluxecare.com\/wp-content\/uploads\/2026\/02\/logo-luxecare.png","width":860,"height":722,"caption":"Clinica Est\u00e9tica Luxe Care"},"image":{"@id":"https:\/\/clinicaluxecare.com\/#\/schema\/logo\/image\/"},"sameAs":["https:\/\/www.facebook.com\/profile.php?id=61576686275781#"]}]}},"_links":{"self":[{"href":"https:\/\/clinicaluxecare.com\/index.php\/wp-json\/wp\/v2\/pages\/29985","targetHints":{"allow":["GET"]}}],"collection":[{"href":"https:\/\/clinicaluxecare.com\/index.php\/wp-json\/wp\/v2\/pages"}],"about":[{"href":"https:\/\/clinicaluxecare.com\/index.php\/wp-json\/wp\/v2\/types\/page"}],"author":[{"embeddable":true,"href":"https:\/\/clinicaluxecare.com\/index.php\/wp-json\/wp\/v2\/users\/1"}],"replies":[{"embeddable":true,"href":"https:\/\/clinicaluxecare.com\/index.php\/wp-json\/wp\/v2\/comments?post=29985"}],"version-history":[{"count":4,"href":"https:\/\/clinicaluxecare.com\/index.php\/wp-json\/wp\/v2\/pages\/29985\/revisions"}],"predecessor-version":[{"id":36671,"href":"https:\/\/clinicaluxecare.com\/index.php\/wp-json\/wp\/v2\/pages\/29985\/revisions\/36671"}],"wp:attachment":[{"href":"https:\/\/clinicaluxecare.com\/index.php\/wp-json\/wp\/v2\/media?parent=29985"}],"curies":[{"name":"wp","href":"https:\/\/api.w.org\/{rel}","templated":true}]}}